{"id":708,"date":"2022-06-14T09:40:44","date_gmt":"2022-06-14T09:40:44","guid":{"rendered":"https:\/\/skomagerkarreen.dk\/?page_id=708"},"modified":"2023-03-06T13:24:16","modified_gmt":"2023-03-06T12:24:16","slug":"lidt-historie","status":"publish","type":"page","link":"https:\/\/skomagerkarreen.dk\/?page_id=708","title":{"rendered":"Lidt historie"},"content":{"rendered":"\t\t<div data-elementor-type=\"wp-page\" data-elementor-id=\"708\" class=\"elementor elementor-708\" data-elementor-post-type=\"page\">\n\t\t\t\t\t\t<section class=\"elementor-section elementor-top-section elementor-element elementor-element-3b0e527 elementor-section-boxed elementor-section-height-default elementor-section-height-default\" data-id=\"3b0e527\" data-element_type=\"section\" data-e-type=\"section\">\n\t\t\t\t\t\t<div class=\"elementor-container elementor-column-gap-default\">\n\t\t\t\t\t<div class=\"elementor-column elementor-col-100 elementor-top-column elementor-element elementor-element-620aceb\" data-id=\"620aceb\" data-element_type=\"column\" data-e-type=\"column\">\n\t\t\t<div class=\"elementor-widget-wrap elementor-element-populated\">\n\t\t\t\t\t\t<div class=\"elementor-element elementor-element-b188422 elementor-widget elementor-widget-spacer\" data-id=\"b188422\" data-element_type=\"widget\" data-e-type=\"widget\" data-widget_type=\"spacer.default\">\n\t\t\t\t<div class=\"elementor-widget-container\">\n\t\t\t\t\t\t\t<div class=\"elementor-spacer\">\n\t\t\t<div class=\"elementor-spacer-inner\"><\/div>\n\t\t<\/div>\n\t\t\t\t\t\t<\/div>\n\t\t\t\t<\/div>\n\t\t\t\t<div class=\"elementor-element elementor-element-0a2e185 elementor-widget elementor-widget-heading\" data-id=\"0a2e185\" data-element_type=\"widget\" data-e-type=\"widget\" data-widget_type=\"heading.default\">\n\t\t\t\t<div class=\"elementor-widget-container\">\n\t\t\t\t\t<h2 class=\"elementor-heading-title elementor-size-default\">Historie timen<\/h2>\t\t\t\t<\/div>\n\t\t\t\t<\/div>\n\t\t\t\t<div class=\"elementor-element elementor-element-94b4e22 elementor-widget elementor-widget-spacer\" data-id=\"94b4e22\" data-element_type=\"widget\" data-e-type=\"widget\" data-widget_type=\"spacer.default\">\n\t\t\t\t<div class=\"elementor-widget-container\">\n\t\t\t\t\t\t\t<div class=\"elementor-spacer\">\n\t\t\t<div class=\"elementor-spacer-inner\"><\/div>\n\t\t<\/div>\n\t\t\t\t\t\t<\/div>\n\t\t\t\t<\/div>\n\t\t\t\t\t<\/div>\n\t\t<\/div>\n\t\t\t\t\t<\/div>\n\t\t<\/section>\n\t\t\t\t<section class=\"elementor-section elementor-top-section elementor-element elementor-element-34f56e3 elementor-section-boxed elementor-section-height-default elementor-section-height-default\" data-id=\"34f56e3\" data-element_type=\"section\" data-e-type=\"section\">\n\t\t\t\t\t\t<div class=\"elementor-container elementor-column-gap-default\">\n\t\t\t\t\t<div class=\"elementor-column elementor-col-66 elementor-top-column elementor-element elementor-element-b05067a\" data-id=\"b05067a\" data-element_type=\"column\" data-e-type=\"column\">\n\t\t\t<div class=\"elementor-widget-wrap elementor-element-populated\">\n\t\t\t\t\t\t<div class=\"elementor-element elementor-element-a7225f2 elementor-widget elementor-widget-heading\" data-id=\"a7225f2\" data-element_type=\"widget\" data-e-type=\"widget\" data-widget_type=\"heading.default\">\n\t\t\t\t<div class=\"elementor-widget-container\">\n\t\t\t\t\t<h6 class=\"elementor-heading-title elementor-size-default\">Skomager-karreen - Karr\u00e9 8<\/h6>\t\t\t\t<\/div>\n\t\t\t\t<\/div>\n\t\t\t\t<div class=\"elementor-element elementor-element-0f179f1 elementor-widget elementor-widget-spacer\" data-id=\"0f179f1\" data-element_type=\"widget\" data-e-type=\"widget\" data-widget_type=\"spacer.default\">\n\t\t\t\t<div class=\"elementor-widget-container\">\n\t\t\t\t\t\t\t<div class=\"elementor-spacer\">\n\t\t\t<div class=\"elementor-spacer-inner\"><\/div>\n\t\t<\/div>\n\t\t\t\t\t\t<\/div>\n\t\t\t\t<\/div>\n\t\t\t\t\t<\/div>\n\t\t<\/div>\n\t\t\t\t<div class=\"elementor-column elementor-col-33 elementor-top-column elementor-element elementor-element-15850d2\" data-id=\"15850d2\" data-element_type=\"column\" data-e-type=\"column\">\n\t\t\t<div class=\"elementor-widget-wrap\">\n\t\t\t\t\t\t\t<\/div>\n\t\t<\/div>\n\t\t\t\t\t<\/div>\n\t\t<\/section>\n\t\t\t\t<section class=\"elementor-section elementor-top-section elementor-element elementor-element-9c5ccfc elementor-section-boxed elementor-section-height-default elementor-section-height-default\" data-id=\"9c5ccfc\" data-element_type=\"section\" data-e-type=\"section\">\n\t\t\t\t\t\t<div class=\"elementor-container elementor-column-gap-default\">\n\t\t\t\t\t<div class=\"elementor-column elementor-col-66 elementor-top-column elementor-element elementor-element-f85bc2c\" data-id=\"f85bc2c\" data-element_type=\"column\" data-e-type=\"column\">\n\t\t\t<div class=\"elementor-widget-wrap elementor-element-populated\">\n\t\t\t\t\t\t<div class=\"elementor-element elementor-element-b4aefea elementor-widget elementor-widget-text-editor\" data-id=\"b4aefea\" data-element_type=\"widget\" data-e-type=\"widget\" data-widget_type=\"text-editor.default\">\n\t\t\t\t<div class=\"elementor-widget-container\">\n\t\t\t\t\t\t\t\t\t<p>Ved planl\u00e6gningens start var en r\u00e6kke af<br>karreens d\u00e5rligste bygninger nedrevet ved<br>forsanering, og i planforl\u00f8bet var der enighed<br>om, at yderligere \u00e9n bygning m\u00e5tte ned \u2013 et<br>meget forfaldent autov\u00e6rksted, bag Viktoriagade 28. Derimod var der lokale protester mod<br>forslag om yderligere nedrivninger, bl.a. af<br>baghuset Gasv\u00e6rksvej 33, med fritidsklubben,<br>\u201dTeaterbutikken\u201d.<\/p>\n<p>Mest markante var beboerprotesterne mod<br>nedrivning af Halmtorvet 24. Det lykkedes<br>husets beboere i sidste \u00f8jeblik midlertidigt at<br>f\u00e5 trukket ejendommen ud af beslutningen<br>for, at man n\u00e6rmere kunne unders\u00f8ge mulighederne for en istands\u00e6ttelse efter beboernes \u00f8nsker. Heri indgik bl.a. selv- og medbyg, f\u00e6llesbad og tagv\u00e6ksthus. Efter seje forhandlinger var et fl ertal af politikere positive overfor&nbsp;eksperimentet, men nu var der var g\u00e5et tid og de aktive beboere havde mistet opbakning.<br>Bygningen blev nedrevet og muliggjorde en<br>udviddet udgave af nybyggeriet \u201ePrangerg\u00e5rden\u201c.<\/p>\n<p>Entrepren\u00f8rfi rmaet Rasmussen &amp; Schi\u00f8tz, der<br>var involveret i fl ere af karreens ejendomme,<br>gav i planfasen tilsagn om at besk\u00e6ftige<br>lokal arbejdskraft; et emne som havde v\u00e6ret<br>diskuteret i Besk\u00e6ftigelsesudvalget nedsat<br>under Det sociale kontaktudvalg. Det var dog<br>vanskeligt at skaffe kommunal opbakning<br>til at \u2019favorisere\u2019 arbejdsl\u00f8se vesterbro\u2019ere,<br>ligesom entrepren\u00f8rforeningen heller ikke var&nbsp;begejstret for, at der skulle l\u00e6gges bindinger<br>p\u00e5 entrepren\u00f8rernes valg af arbejdskraft.<br>Endelig ville eksperimentet formentlig have<br>betydet h\u00f8jere byggepriser. Initiativet blev<br>aldrig realiseret.<\/p>\n<p>I forbindelse med kommunal overtagelse af<br>Viktoriagade 26, herunder et autov\u00e6rksted,<br>blev der konstateret jordforurening i en grad,<br>der kr\u00e6vede n\u00f8jere unders\u00f8gelser. Problemet<br>kunne dog afhj\u00e6lpes i sammenh\u00e6ng med<br>byfornyelsen. Efterf\u00f8lgende viste bygningsregistreringer, at b\u00e5de forhus og v\u00e6rkstedsbygning var for dyre at istands\u00e6tte til hhv. beboerhus og boliger, som forudsat i byfornyelsebeslutningen, og p\u00e5 trods af indsigelse fra karr\u00e9r\u00e5det blev begge bygninger nedrevet via<br>en till\u00e6gsbeslutning. Familie- og Arbejdsmarkedsforvaltningen har sidenhen bygget en b\u00f8rneinstitution p\u00e5 grunden.<\/p>\n<p>Nybyggeriet \u2018Prangerhuset\u2019 og g\u00e5rdanl\u00e6gget<br>blev forsinket, idet nedrivningen af Gasv\u00e6rksvej 33 baghuset f\u00f8rst kunne ske, da kommunen fandt erstatningslokaler til Teaterbutikken i Brune K\u00f8dby. Karreens g\u00e5rdanl\u00e6g blev<br>igangsat efter\u00e5ret 2000 og er, bortset fra<br>institutionsarealet, blevet f\u00e6rdigt i sommeren 2001. De store forsinkelser har betydet, at<br>udformningen af g\u00e5rdanl\u00e6g og institutionslegeplads f\u00f8rst sent har kunnet koordineres, og at institutionslegepladsen f\u00f8rst kunne anl\u00e6gges, da institutionen var opf\u00f8rt.<\/p>\t\t\t\t\t\t\t\t<\/div>\n\t\t\t\t<\/div>\n\t\t\t\t<div class=\"elementor-element elementor-element-d743099 elementor-widget elementor-widget-text-editor\" data-id=\"d743099\" data-element_type=\"widget\" data-e-type=\"widget\" data-widget_type=\"text-editor.default\">\n\t\t\t\t<div class=\"elementor-widget-container\">\n\t\t\t\t\t\t\t\t\t<p><em>Kilde:\u00a0Bind 2: Indre Vesterbros fornyelse Eksempler og turguide Udgivet af: Bygge- og Teknikforvaltningen K\u00f8benhavns Kommune<\/em><\/p>\t\t\t\t\t\t\t\t<\/div>\n\t\t\t\t<\/div>\n\t\t\t\t\t<\/div>\n\t\t<\/div>\n\t\t\t\t<div class=\"elementor-column elementor-col-33 elementor-top-column elementor-element elementor-element-3d2170b\" data-id=\"3d2170b\" data-element_type=\"column\" data-e-type=\"column\">\n\t\t\t<div class=\"elementor-widget-wrap elementor-element-populated\">\n\t\t\t\t\t\t<div class=\"elementor-element elementor-element-45d35d9 elementor-widget elementor-widget-heading\" data-id=\"45d35d9\" data-element_type=\"widget\" data-e-type=\"widget\" data-widget_type=\"heading.default\">\n\t\t\t\t<div class=\"elementor-widget-container\">\n\t\t\t\t\t<h6 class=\"elementor-heading-title elementor-size-default\">L\u00e6s eller se mere p\u00e5<\/h6>\t\t\t\t<\/div>\n\t\t\t\t<\/div>\n\t\t\t\t<div class=\"elementor-element elementor-element-378a11c elementor-widget elementor-widget-text-editor\" data-id=\"378a11c\" data-element_type=\"widget\" data-e-type=\"widget\" data-widget_type=\"text-editor.default\">\n\t\t\t\t<div class=\"elementor-widget-container\">\n\t\t\t\t\t\t\t\t\t<ul><li><a href=\"https:\/\/drive.google.com\/file\/d\/0B1ta7p_3vvCcajF6dDRGLUhkUlU\/view?usp=share_link&amp;resourcekey=0-s_aADe4loQMPKRJ2sdnRXg\" target=\"_blank\" rel=\"noopener\">Skomagerkarreens historie<\/a><\/li><li><a href=\"https:\/\/drive.google.com\/file\/d\/1Jt9s0gWehLwNM5QdaQ0gk7IcYKIJ_n-x\/view?usp=share_link\" target=\"_blank\" rel=\"noopener\">Bydelsplan Vesterbro 2017 -2020<\/a><\/li><li><a href=\"https:\/\/drive.google.com\/file\/d\/1K-ujLiA_fgHEkBSCFPZk1mhSsBiKJNqr\/view?usp=share_link\" target=\"_blank\" rel=\"noopener\">Indrevesterbro &#8211; Turguide<\/a><\/li><\/ul>\t\t\t\t\t\t\t\t<\/div>\n\t\t\t\t<\/div>\n\t\t\t\t<div class=\"elementor-element elementor-element-5047a4e elementor-widget elementor-widget-spacer\" data-id=\"5047a4e\" data-element_type=\"widget\" data-e-type=\"widget\" data-widget_type=\"spacer.default\">\n\t\t\t\t<div class=\"elementor-widget-container\">\n\t\t\t\t\t\t\t<div class=\"elementor-spacer\">\n\t\t\t<div class=\"elementor-spacer-inner\"><\/div>\n\t\t<\/div>\n\t\t\t\t\t\t<\/div>\n\t\t\t\t<\/div>\n\t\t\t\t<div class=\"elementor-element elementor-element-0577261 elementor-skin-carousel elementor-arrows-yes elementor-pagination-type-bullets elementor-pagination-position-outside elementor-widget elementor-widget-media-carousel\" data-id=\"0577261\" data-element_type=\"widget\" data-e-type=\"widget\" data-settings=\"{&quot;skin&quot;:&quot;carousel&quot;,&quot;effect&quot;:&quot;slide&quot;,&quot;show_arrows&quot;:&quot;yes&quot;,&quot;pagination&quot;:&quot;bullets&quot;,&quot;speed&quot;:500,&quot;autoplay&quot;:&quot;yes&quot;,&quot;autoplay_speed&quot;:5000,&quot;loop&quot;:&quot;yes&quot;,&quot;pause_on_hover&quot;:&quot;yes&quot;,&quot;pause_on_interaction&quot;:&quot;yes&quot;,&quot;space_between&quot;:{&quot;unit&quot;:&quot;px&quot;,&quot;size&quot;:10,&quot;sizes&quot;:[]},&quot;space_between_tablet&quot;:{&quot;unit&quot;:&quot;px&quot;,&quot;size&quot;:10,&quot;sizes&quot;:[]},&quot;space_between_mobile&quot;:{&quot;unit&quot;:&quot;px&quot;,&quot;size&quot;:10,&quot;sizes&quot;:[]}}\" data-widget_type=\"media-carousel.default\">\n\t\t\t\t<div class=\"elementor-widget-container\">\n\t\t\t\t\t\t\t\t\t<div class=\"elementor-swiper\">\n\t\t\t\t\t<div class=\"elementor-main-swiper swiper\" role=\"region\" aria-roledescription=\"carousel\" aria-label=\"Dias (slides)\">\n\t\t\t\t<div class=\"swiper-wrapper\">\n\t\t\t\t\t\t\t\t\t\t\t<div class=\"swiper-slide\" role=\"group\" aria-roledescription=\"slide\">\n\t\t\t\t\t\t\t\t\t<div class=\"elementor-carousel-image\" role=\"img\" aria-label=\"Sandkasse\" style=\"background-image: url(&#039;https:\/\/skomagerkarreen.dk\/wp-content\/uploads\/2022\/06\/20180729-DSC_7105.jpg&#039;)\">\n\n\t\t\t\n\t\t\t\t\t<\/div>\n\t\t\t\t\t\t\t\t<\/div>\n\t\t\t\t\t\t\t\t\t\t\t<div class=\"swiper-slide\" role=\"group\" aria-roledescription=\"slide\">\n\t\t\t\t\t\t\t\t\t<div class=\"elementor-carousel-image\" role=\"img\" aria-label=\"Blad indsamling\" style=\"background-image: url(&#039;https:\/\/skomagerkarreen.dk\/wp-content\/uploads\/2022\/06\/IMG_0516.jpg&#039;)\">\n\n\t\t\t\n\t\t\t\t\t<\/div>\n\t\t\t\t\t\t\t\t<\/div>\n\t\t\t\t\t\t\t\t\t\t\t<div class=\"swiper-slide\" role=\"group\" aria-roledescription=\"slide\">\n\t\t\t\t\t\t\t\t\t<div class=\"elementor-carousel-image\" role=\"img\" aria-label=\"DSC_3686\" style=\"background-image: url(&#039;https:\/\/skomagerkarreen.dk\/wp-content\/uploads\/2022\/06\/DSC_3686.jpg&#039;)\">\n\n\t\t\t\n\t\t\t\t\t<\/div>\n\t\t\t\t\t\t\t\t<\/div>\n\t\t\t\t\t\t\t\t\t\t\t<div class=\"swiper-slide\" role=\"group\" aria-roledescription=\"slide\">\n\t\t\t\t\t\t\t\t\t<div class=\"elementor-carousel-image\" role=\"img\" aria-label=\"DSC_3293\" style=\"background-image: url(&#039;https:\/\/skomagerkarreen.dk\/wp-content\/uploads\/2022\/06\/DSC_3293.jpg&#039;)\">\n\n\t\t\t\n\t\t\t\t\t<\/div>\n\t\t\t\t\t\t\t\t<\/div>\n\t\t\t\t\t\t\t\t\t<\/div>\n\t\t\t\t\t\t\t\t\t\t\t\t\t\t\t<div class=\"elementor-swiper-button elementor-swiper-button-prev\" role=\"button\" tabindex=\"0\" aria-label=\"Tidligere\">\n\t\t\t\t\t\t\t<svg aria-hidden=\"true\" class=\"e-font-icon-svg e-eicon-chevron-left\" viewBox=\"0 0 1000 1000\" xmlns=\"http:\/\/www.w3.org\/2000\/svg\"><path d=\"M646 125C629 125 613 133 604 142L308 442C296 454 292 471 292 487 292 504 296 521 308 533L604 854C617 867 629 875 646 875 663 875 679 871 692 858 704 846 713 829 713 812 713 796 708 779 692 767L438 487 692 225C700 217 708 204 708 187 708 171 704 154 692 142 675 129 663 125 646 125Z\"><\/path><\/svg>\t\t\t\t\t\t<\/div>\n\t\t\t\t\t\t<div class=\"elementor-swiper-button elementor-swiper-button-next\" role=\"button\" tabindex=\"0\" aria-label=\"N\u00e6ste\">\n\t\t\t\t\t\t\t<svg aria-hidden=\"true\" class=\"e-font-icon-svg e-eicon-chevron-right\" viewBox=\"0 0 1000 1000\" xmlns=\"http:\/\/www.w3.org\/2000\/svg\"><path d=\"M696 533C708 521 713 504 713 487 713 471 708 454 696 446L400 146C388 133 375 125 354 125 338 125 325 129 313 142 300 154 292 171 292 187 292 204 296 221 308 233L563 492 304 771C292 783 288 800 288 817 288 833 296 850 308 863 321 871 338 875 354 875 371 875 388 867 400 854L696 533Z\"><\/path><\/svg>\t\t\t\t\t\t<\/div>\n\t\t\t\t\t\t\t\t\t\t\t\t\t\t\t\t<div class=\"swiper-pagination\"><\/div>\n\t\t\t\t\t\t\t\t\t\t\t\t<\/div>\n\t\t\t\t<\/div>\n\t\t\t\t\t\t\t\t<\/div>\n\t\t\t\t<\/div>\n\t\t\t\t<div class=\"elementor-element elementor-element-1ce0442 elementor-widget elementor-widget-spacer\" data-id=\"1ce0442\" data-element_type=\"widget\" data-e-type=\"widget\" data-widget_type=\"spacer.default\">\n\t\t\t\t<div class=\"elementor-widget-container\">\n\t\t\t\t\t\t\t<div class=\"elementor-spacer\">\n\t\t\t<div class=\"elementor-spacer-inner\"><\/div>\n\t\t<\/div>\n\t\t\t\t\t\t<\/div>\n\t\t\t\t<\/div>\n\t\t\t\t\t<\/div>\n\t\t<\/div>\n\t\t\t\t\t<\/div>\n\t\t<\/section>\n\t\t\t\t<\/div>\n\t\t","protected":false},"excerpt":{"rendered":"<p>Historie timen Skomager-karreen &#8211; Karr\u00e9 8 Ved planl\u00e6gningens start var en r\u00e6kke afkarreens d\u00e5rligste bygninger nedrevet vedforsanering, og i planforl\u00f8bet var der enighedom, at yderligere \u00e9n bygning m\u00e5tte ned \u2013 etmeget forfaldent autov\u00e6rksted, bag Viktoriagade 28. Derimod var der lokale protester modforslag om yderligere nedrivninger, bl.a. afbaghuset Gasv\u00e6rksvej 33, med fritidsklubben,\u201dTeaterbutikken\u201d. Mest markante var beboerprotesterne [&hellip;]<\/p>\n","protected":false},"author":1,"featured_media":0,"parent":0,"menu_order":0,"comment_status":"closed","ping_status":"closed","template":"","meta":{"footnotes":""},"class_list":["post-708","page","type-page","status-publish","hentry"],"jetpack_sharing_enabled":true,"_links":{"self":[{"href":"https:\/\/skomagerkarreen.dk\/index.php?rest_route=\/wp\/v2\/pages\/708","targetHints":{"allow":["GET"]}}],"collection":[{"href":"https:\/\/skomagerkarreen.dk\/index.php?rest_route=\/wp\/v2\/pages"}],"about":[{"href":"https:\/\/skomagerkarreen.dk\/index.php?rest_route=\/wp\/v2\/types\/page"}],"author":[{"embeddable":true,"href":"https:\/\/skomagerkarreen.dk\/index.php?rest_route=\/wp\/v2\/users\/1"}],"replies":[{"embeddable":true,"href":"https:\/\/skomagerkarreen.dk\/index.php?rest_route=%2Fwp%2Fv2%2Fcomments&post=708"}],"version-history":[{"count":37,"href":"https:\/\/skomagerkarreen.dk\/index.php?rest_route=\/wp\/v2\/pages\/708\/revisions"}],"predecessor-version":[{"id":1030,"href":"https:\/\/skomagerkarreen.dk\/index.php?rest_route=\/wp\/v2\/pages\/708\/revisions\/1030"}],"wp:attachment":[{"href":"https:\/\/skomagerkarreen.dk\/index.php?rest_route=%2Fwp%2Fv2%2Fmedia&parent=708"}],"curies":[{"name":"wp","href":"https:\/\/api.w.org\/{rel}","templated":true}]}}