{"id":390,"date":"2022-06-08T10:53:03","date_gmt":"2022-06-08T10:53:03","guid":{"rendered":"https:\/\/skomagerkarreen.dk\/?page_id=390"},"modified":"2023-03-06T13:03:14","modified_gmt":"2023-03-06T12:03:14","slug":"dokument-arkiv","status":"publish","type":"page","link":"https:\/\/skomagerkarreen.dk\/?page_id=390","title":{"rendered":"Dokument arkiv"},"content":{"rendered":"\t\t<div data-elementor-type=\"wp-page\" data-elementor-id=\"390\" class=\"elementor elementor-390\" data-elementor-post-type=\"page\">\n\t\t\t\t\t\t<section class=\"elementor-section elementor-top-section elementor-element elementor-element-516ea76 elementor-section-boxed elementor-section-height-default elementor-section-height-default\" data-id=\"516ea76\" data-element_type=\"section\" data-e-type=\"section\">\n\t\t\t\t\t\t<div class=\"elementor-container elementor-column-gap-default\">\n\t\t\t\t\t<div class=\"elementor-column elementor-col-100 elementor-top-column elementor-element elementor-element-07a78de\" data-id=\"07a78de\" data-element_type=\"column\" data-e-type=\"column\">\n\t\t\t<div class=\"elementor-widget-wrap elementor-element-populated\">\n\t\t\t\t\t\t<div class=\"elementor-element elementor-element-57d0c5f elementor-widget elementor-widget-heading\" data-id=\"57d0c5f\" data-element_type=\"widget\" data-e-type=\"widget\" data-widget_type=\"heading.default\">\n\t\t\t\t<div class=\"elementor-widget-container\">\n\t\t\t\t\t<h2 class=\"elementor-heading-title elementor-size-default\">Dokument arkiv<\/h2>\t\t\t\t<\/div>\n\t\t\t\t<\/div>\n\t\t\t\t\t<\/div>\n\t\t<\/div>\n\t\t\t\t\t<\/div>\n\t\t<\/section>\n\t\t\t\t<section class=\"elementor-section elementor-top-section elementor-element elementor-element-a286648 elementor-section-boxed elementor-section-height-default elementor-section-height-default\" data-id=\"a286648\" data-element_type=\"section\" data-e-type=\"section\">\n\t\t\t\t\t\t<div class=\"elementor-container elementor-column-gap-default\">\n\t\t\t\t\t<div class=\"elementor-column elementor-col-100 elementor-top-column elementor-element elementor-element-59b8fdc\" data-id=\"59b8fdc\" data-element_type=\"column\" data-e-type=\"column\">\n\t\t\t<div class=\"elementor-widget-wrap\">\n\t\t\t\t\t\t\t<\/div>\n\t\t<\/div>\n\t\t\t\t\t<\/div>\n\t\t<\/section>\n\t\t\t\t<section class=\"elementor-section elementor-top-section elementor-element elementor-element-f56529a elementor-section-boxed elementor-section-height-default elementor-section-height-default\" data-id=\"f56529a\" data-element_type=\"section\" data-e-type=\"section\">\n\t\t\t\t\t\t<div class=\"elementor-container elementor-column-gap-default\">\n\t\t\t\t\t<div class=\"elementor-column elementor-col-100 elementor-top-column elementor-element elementor-element-f84f58d\" data-id=\"f84f58d\" data-element_type=\"column\" data-e-type=\"column\">\n\t\t\t<div class=\"elementor-widget-wrap elementor-element-populated\">\n\t\t\t\t\t\t<div class=\"elementor-element elementor-element-e159c04 elementor-widget elementor-widget-text-editor\" data-id=\"e159c04\" data-element_type=\"widget\" data-e-type=\"widget\" data-widget_type=\"text-editor.default\">\n\t\t\t\t<div class=\"elementor-widget-container\">\n\t\t\t\t\t\t\t\t\t<p>Via linket herunder kan du udforske dokumenter vedr\u00f8rende g\u00e5rden.\u00a0<\/p><p>\u00a0<\/p><p>Der er bl.a. referater fra generalforsamlinger\u00a0og bestyrelsesm\u00f8der og alt muligt relevant for dig som beboer\u00a0i g\u00e5rden (bestyrelsen opdatere l\u00f8bende).<\/p><p><span lang=\"da\">Det kan blive en smule kedeligt, s\u00e5 husk at tage en pause \u2013 i g\u00e5rden p\u00e5 \u00e9n af de dejlige b\u00e6nke\u00a0eller endnu bedre, i gr\u00e6sset under et smukt tr\u00e6<\/span><span lang=\"da\">\u00a0<\/span><\/p><p>\u00a0<\/p><p><span lang=\"da\">N\u00e5r der i referater og andre dokumenter st\u00e5r \u201c<\/span><span lang=\"da\">Punkt fjernet<\/span><span lang=\"da\">\u201d skyldes det at vi i bestyrelsen\u00a0har\u00a0vurderet at punktet ikke b\u00f8r v\u00e6re i et offentligt tilg\u00e6ngeligt dokument.<\/span><\/p><p>Punktet er stadig i bestyrelsens kopi af dokumentet.<\/p>\t\t\t\t\t\t\t\t<\/div>\n\t\t\t\t<\/div>\n\t\t\t\t<div class=\"elementor-element elementor-element-bb7762d elementor-widget elementor-widget-button\" data-id=\"bb7762d\" data-element_type=\"widget\" data-e-type=\"widget\" data-widget_type=\"button.default\">\n\t\t\t\t<div class=\"elementor-widget-container\">\n\t\t\t\t\t\t\t\t\t<div class=\"elementor-button-wrapper\">\n\t\t\t\t\t<a class=\"elementor-button elementor-button-link elementor-size-sm\" href=\"https:\/\/drive.google.com\/drive\/folders\/1HCGGFgsmAE2rdiPcvtnpvZmnGKE96M9X?usp=share_link\" target=\"_blank\">\n\t\t\t\t\t\t<span class=\"elementor-button-content-wrapper\">\n\t\t\t\t\t\t\t\t\t<span class=\"elementor-button-text\">Send mig til arkivet<\/span>\n\t\t\t\t\t<\/span>\n\t\t\t\t\t<\/a>\n\t\t\t\t<\/div>\n\t\t\t\t\t\t\t\t<\/div>\n\t\t\t\t<\/div>\n\t\t\t\t\t<\/div>\n\t\t<\/div>\n\t\t\t\t\t<\/div>\n\t\t<\/section>\n\t\t\t\t<\/div>\n\t\t","protected":false},"excerpt":{"rendered":"<p>Dokument arkiv Via linket herunder kan du udforske dokumenter vedr\u00f8rende g\u00e5rden.\u00a0 \u00a0 Der er bl.a. referater fra generalforsamlinger\u00a0og bestyrelsesm\u00f8der og alt muligt relevant for dig som beboer\u00a0i g\u00e5rden (bestyrelsen opdatere l\u00f8bende). Det kan blive en smule kedeligt, s\u00e5 husk at tage en pause \u2013 i g\u00e5rden p\u00e5 \u00e9n af de dejlige b\u00e6nke\u00a0eller endnu bedre, i [&hellip;]<\/p>\n","protected":false},"author":1,"featured_media":0,"parent":0,"menu_order":0,"comment_status":"closed","ping_status":"closed","template":"","meta":{"footnotes":""},"class_list":["post-390","page","type-page","status-publish","hentry"],"jetpack_sharing_enabled":true,"_links":{"self":[{"href":"https:\/\/skomagerkarreen.dk\/index.php?rest_route=\/wp\/v2\/pages\/390","targetHints":{"allow":["GET"]}}],"collection":[{"href":"https:\/\/skomagerkarreen.dk\/index.php?rest_route=\/wp\/v2\/pages"}],"about":[{"href":"https:\/\/skomagerkarreen.dk\/index.php?rest_route=\/wp\/v2\/types\/page"}],"author":[{"embeddable":true,"href":"https:\/\/skomagerkarreen.dk\/index.php?rest_route=\/wp\/v2\/users\/1"}],"replies":[{"embeddable":true,"href":"https:\/\/skomagerkarreen.dk\/index.php?rest_route=%2Fwp%2Fv2%2Fcomments&post=390"}],"version-history":[{"count":43,"href":"https:\/\/skomagerkarreen.dk\/index.php?rest_route=\/wp\/v2\/pages\/390\/revisions"}],"predecessor-version":[{"id":1027,"href":"https:\/\/skomagerkarreen.dk\/index.php?rest_route=\/wp\/v2\/pages\/390\/revisions\/1027"}],"wp:attachment":[{"href":"https:\/\/skomagerkarreen.dk\/index.php?rest_route=%2Fwp%2Fv2%2Fmedia&parent=390"}],"curies":[{"name":"wp","href":"https:\/\/api.w.org\/{rel}","templated":true}]}}